 be v(0). Let t = -144 + 81. Let x = -21 - t. Calculate the greatest common factor of b and x.
6
Suppose 6*m - m - 3*r = 20, m + r - 4 = 0. Suppose m*g - 89 - 165 = -5*y, -4*y + 5*g + 195 = 0. What is the highest common divisor of 20 and y?
10
Let j(s) = 3*s**2 - 2*s - 4. Let p be j(3). Let i be ((-3)/((-9)/17))/(13/117). Calculate the highest common factor of p and i.
17
Suppose -272 = 6*k - 10*k. Let j = -32 - -49. What is the highest common divisor of k and j?
17
Suppose 1 - 7 = -3*s. Let h be 3 + ((-21)/(-1) - s). What is the greatest common divisor of h and 55?
11
Suppose 0 = -2*v + 2 + 12. Calculate the highest common divisor of 63 and v.
7
Suppose -3*u = g - 99, -290 = -3*g - 0*u - 2*u. What is the greatest common factor of 8 and g?
8
Let x(f) = f**2 - 8*f + 4. Let n be x(9). Calculate the greatest common factor of n and 117.
13
Suppose -23 - 25 = 3*c. Let s = c + 10. Let g = 9 + s. Calculate the highest common divisor of 27 and g.
3
Suppose -3*r + 0*r = -132. Let x = 5 - -17. Suppose x - 66 = -4*w. Calculate the highest common divisor of w and r.
11
Let h be (-280)/(-6) + (-2)/3. Let v be 2/(-4) - h/(-4). Suppose 5*f - 608 = -a, 4*a = 4*f + 55 - 527. Calculate the greatest common divisor of f and v.
11
Let j(u) = 3*u + 30. Let v be j(-7). Calculate the highest common divisor of 1 and v.
1
Let p(w) = -2*w - 3. Suppose d + 4 = -2. Let s be p(d). Let o be (1 + -1 - -1) + (1 - -79). What is the highest common factor of s and o?
9
Let n = -17 + 57. What is the highest common divisor of n and 20?
20
Let n(f) = -3*f - 5. Let k be n(-5). Let q be (-1 - 0/2) + k. Calculate the greatest common factor of q and 81.
9
Suppose -2*o = -25 - 7. Suppose -o = -5*j + 84. Let c(a) = a**3 + 12*a**2 + 15*a. Let d be c(-10). What is the greatest common factor of d and j?
10
Suppose -5*s + 2*p + 70 = -2*p, 0 = 3*s - 2*p - 44. Calculate the greatest common divisor of s and 45.
9
Let f = -66 - -129. Calculate the greatest common divisor of 7 and f.
7
Let m(i) = i**3 + 4*i**2 - 2. Let x be m(-4). Suppose 0 = -0*u + 5*u. Let f = u - x. Calculate the highest common factor of f and 2.
2
Let c be (-66)/3*(-2 - (-3)/2). What is the highest common divisor of 176 and c?
11
Let c = -57 - -60. Calculate the greatest common divisor of c and 21.
3
Suppose 0 = -7*m + m + 54. Calculate the greatest common divisor of m and 9.
9
Let f = 29 - 25. Calculate the greatest common divisor of 4 and f.
4
Let n = 24 + -19. Suppose i + t = 2*i - 63, n*i = -t + 333. Calculate the highest common factor of i and 44.
22
Let r(g) = 4*g**3 - 3*g + 2. Let q be r(2). Let a = q - 8. Let y be (-2)/((-9)/4 - -2). What is the highest common divisor of a and y?
4
Let f = 77 - 22. Suppose 0 = -4*s - 0*s + 60. Suppose -k = 2*k - s. Calculate the highest common factor of k and f.
5
Suppose d = -3*f - 2*f + 4, -f + 2*d = 8. Suppose -b - j = -6, -b + 2*j + 3*j - 6 = f. Calculate the highest common divisor of b and 4.
4
Suppose -m = 3*a - 2 - 0, -2*m + 12 = 2*a. Suppose 10*u - 75 - 5 = 0. Calculate the highest common divisor of u and m.
8
Let p = -8 + -3. Let n(a) = -a**2 - 12*a - 9. Let d be n(p). Suppose 0 = -d*k - 3*k + 60. Calculate the greatest common divisor of k and 36.
12
Let b be 0 + 3*14/3. Suppose 0 = -3*q - 0*f - 4*f + b, 2*f = 4. Suppose 4*z + 2*x = 272, 73 = z - x + q. What is the greatest common factor of z and 23?
23
Let g be (-13518)/(-135) + 4/(-30). What is the highest common divisor of 25 and g?
25
Let p be (1 - -2)*158/(-6). Let q = p - -180. Suppose -4*z - m = -q, -z + 3*m = 6*m - 39. Calculate the greatest common divisor of 16 and z.
8
Let c = -15 - -25. Let z be (-3)/18*-2*543. Let m = -71 + z. Calculate the highest common divisor of m and c.
10
Let y(u) = u**2 - 2*u + 1. Let q be y(2). Let z be 17 + (q + 2)/(-3). Let w = -12 + 76. Calculate the highest common factor of z and w.
16
Let u(n) = n**3 - 4*n**2 + 3*n - 7. Let h be u(4). Calculate the highest common factor of h and 5.
5
Let w(d) = 3*d**2 - d + 18. Let n be w(6). What is the highest common factor of n and 15?
15
Suppose 2*u + 2 = 0, -5 + 19 = h - 5*u. Calculate the highest common factor of h and 99.
9
Suppose 8*t - 189 = 5*t. Let y = 4 + 0. Suppose b = -y*b + 45. What is the greatest common factor of t and b?
9
Let t(k) = -k + 14. Let p be t(11). Let h = -39 - -55. Suppose h - 37 = -p*b. Calculate the greatest common divisor of b and 35.
7
Suppose -1 - 3 = -o. Let g be 21/6 + (-2)/4. Suppose 25 + 35 = g*q. What is the highest common divisor of q and o?
4
Let u(j) = -j**3 + j**2 + 9. Let g be u(0). What is the highest common divisor of g and 45?
9
Suppose -4*i + 0*m - 3*m + 25 = 0, -65 = -4*i + 5*m. Let s = -5 - -20. What is the highest common divisor of i and s?
5
Suppose -5*m + 15 = -n, 5*n = -3*m - m + 41. What is the greatest common divisor of n and 40?
5
Let l = -7 - 2. Let f be (l/6)/(3/(-10)). Suppose -5 = -f*h + 45. What is the greatest common divisor of 10 and h?
10
Let v(x) be the second derivative of 4*x**3 - 3*x. Let c be v(1). What is the highest common divisor of c and 12?
12
Suppose -2*c - 4*a = 18, -4*c - 3*a - 11 = 5. Let r be (-21 - c)*(-6)/(-12). Let j be 2/(-5) - 344/r. What is the highest common divisor of 85 and j?
17
Suppose -4*c - 88 = -4*x + 2*x, -3*c = -5*x + 248. Suppose 3*r - x = -r. Suppose 0 = -2*z + 37 - r. What is the greatest common divisor of z and 108?
12
Suppose 4*z + 4 = 0, -13 = -3*m + 6*z - 2*z. Let y be 27*m/9*1. Calculate the highest common divisor of y and 81.
9
Suppose 5*j = 5, -6*i + 4*j - 9 = -i. Let r(k) = 15*k**2 - 2*k - 1. Let q be r(i). What is the highest common factor of 4 and q?
4
Suppose 4*i + 5*x - 3*x - 32 = 0, -4*i = -4*x - 32. Suppose 4*r - 82 = -18. What is the greatest common factor of r and i?
8
Let m(b) = 5*b + 2. Let v be m(-2). Let j be 45/4 - (-2)/v. Let y be (-728)/(-6) + 3/(-9). What is the greatest common factor of y and j?
11
Suppose -1 = -2*i + 9. Suppose i*g - 3*g + 6 = -5*q, 5*g = -5*q. Calculate the highest common divisor of 18 and g.
2
Let n be (8/(-12))/((-2)/36). Suppose 2*m = 4 + n. Calculate the greatest common divisor of m and 72.
8
Let s(w) = 100. Let p(k) = k + 1. Let f(y) = -p(y) + s(y). Let z be f(0). What is the highest common divisor of z and 9?
9
Let t be (1 - 5)*45/(-2). Calculate the greatest common factor of 10 and t.
10
Let f(y) = 17*y**3 + y**2 + y - 1. Let c be f(1). Let z be (-135)/2*(-11 + (-155)/(-15)). Calculate the greatest common factor of c and z.
9
Let o(h) = -2*h**2 + 5*h - 4. Let x be o(3). Let p = 1 - x. Calculate the highest common divisor of p and 8.
8
Let j(u) = u - 5. Let c be j(9). Suppose -d - c = -2. Let h = d + 12. Calculate the greatest common factor of 15 and h.
5
Let b be (56/(-42))/(1*2/(-75)). Suppose 3*p + 2*s = 83, 2*p - 35 = 4*s - 1. What is the highest common factor of p and b?
25
Suppose -11*w = -82 - 50. Calculate the highest common divisor of w and 1.
1
Let v(x) = -x**2 + 7*x - 3. Suppose -m - m - 4*s = -6, 5*s = 4*m - 12. Let j be (5 + -3)*m*1. Let q be v(j). What is the highest common factor of 12 and q?
3
Suppose b - 41 = 3*k, -5*b = 4*k - 91 - 95. Calculate the highest common factor of 19 and b.
19
Let g(j) = 2*j**2 + 8*j + 8. Let u be g(-6). Let k = 77 - 29. Calculate the highest common factor of k and u.
16
Let r(p) = 9*p - 1. Let a be r(-1). Let i be a/(-2 + -1 + 1). Calculate the highest common divisor of 15 and i.
5
Suppose 0 = -4*b + 5*f + 3, 5*b + f - 9 - 2 = 0. Suppose -b*r + 2 = -2. Let n be (r/(-3))/(4/(-66)). What is the greatest common divisor of 11 and n?
11
Suppose 0 = -3*g - 0*g + 180. Let o = 1 + 11. What is the greatest common divisor of o and g?
12
Let i(h) = 2*h**3 + 2*h**2 + 2*h - 2. Let l be i(-2). Let z = 24 + l. Suppose 0 = -4*x + 2*x + 200. What is the greatest common divisor of z and x?
10
Suppose -1 = y - 2. Suppose -n = 2*b - 21, -20 = b - 5*b. What is the greatest common factor of n and y?
1
Suppose w = x - 4*w - 85, 491 = 5*x - 3*w. Let b = x - 40. What is the greatest common factor of 12 and b?
12
Suppose 12 = 3*q + 2*s + 3*s, -5*q = -5*s + 20. Let z be q/((-3)/(-54)*-2). What is the highest common divisor of z and 36?
9
Let k(t) = 2*t**3 + 13*t**2 - 6*t + 10. Let j be k(-7). What is the greatest common divisor of j and 21?
3
Let c(g) = -g**2 + 9*g + 13. Let k be c